{"id":103,"date":"2019-05-04T10:31:55","date_gmt":"2019-05-04T10:31:55","guid":{"rendered":"http:\/\/bodn.is\/?page_id=103"},"modified":"2019-05-04T10:31:55","modified_gmt":"2019-05-04T10:31:55","slug":"son-2","status":"publish","type":"page","link":"https:\/\/bodn.is\/?page_id=103","title":{"rendered":"S\u00f3n 2"},"content":{"rendered":"<div><b>S\u00f3narlj\u00f3\u00f0 2004<img loading=\"lazy\" class=\"size-medium wp-image-84 alignright\" src=\"https:\/\/bodn.is\/wp-content\/uploads\/2019\/05\/son2004_forsida-204x300.jpg\" alt=\"\" width=\"204\" height=\"300\" srcset=\"https:\/\/bodn.is\/wp-content\/uploads\/2019\/05\/son2004_forsida-204x300.jpg 204w, https:\/\/bodn.is\/wp-content\/uploads\/2019\/05\/son2004_forsida.jpg 561w\" sizes=\"(max-width: 204px) 85vw, 204px\" \/><\/b><\/p>\n<ul class=\"son\">\n<li><a href=\"http:\/\/bragi.arnastofnun.is\/hofundur.php?ID=17357\">Czeslaw Milosz<\/a>: <a href=\"http:\/\/bragi.arnastofnun.is\/ljod.php?ID=3905\">S\u00f6ngur um heimsendi<\/a> (\u00de\u00fd\u00f0andi: <a href=\"http:\/\/bragi.arnastofnun.is\/hofundur.php?ID=17358\">Hannes P\u00e9tursson<\/a>)<\/li>\n<\/ul>\n<p><b>Greinar<\/b><\/p>\n<ul class=\"son\">\n<li>Valger\u00f0ur Erna \u00deorvaldsd\u00f3ttir: K\u00e1tlegar kenningar<\/li>\n<li>Gunnar Skarph\u00e9\u00f0insson: M\u00e1lsh\u00e1ttakv\u00e6\u00f0i<\/li>\n<li><a href=\"http:\/\/bragi.arnastofnun.is\/hofundur.php?ID=17349\">\u00de\u00f3r\u00f0ur Helgason<\/a>: \u00c1fangar II<\/li>\n<li>Kristj\u00e1n \u00c1rnason: \u00de\u00fd\u00f0ingar Gr\u00edms Thomsen \u00far gr\u00edsku<\/li>\n<li>Kristj\u00e1n Eir\u00edksson: \u201eEr mitt heiti \u00fati \u00ed sk\u00f3g\u201c<\/li>\n<li>Eysteinn \u00deorvaldsson: Hvers mega s\u00edn or\u00f0 lj\u00f3\u00f0sins?<\/li>\n<\/ul>\n<p><b>H\u00f6fundar lj\u00f3\u00f0a<\/b><\/p>\n<ul class=\"son\">\n<li><a href=\"http:\/\/bragi.arnastofnun.is\/hofundur.php?ID=15254\">Christian Matras<\/a>:\n<ul class=\"son2\">\n<li><a href=\"http:\/\/bragi.arnastofnun.is\/ljod.php?ID=4470\">Mjaltakonur<\/a> (\u00de\u00fd\u00f0andi: <a href=\"http:\/\/bragi.arnastofnun.is\/hofundur.php?ID=15217\">\u00d3lafur Halld\u00f3rsson<\/a>)<\/li>\n<li><a href=\"http:\/\/bragi.arnastofnun.is\/ljod.php?ID=4475\">\u00cd \u00fe\u00fasund \u00e1r og lengur<\/a> (\u00de\u00fd\u00f0andi: <a href=\"http:\/\/bragi.arnastofnun.is\/hofundur.php?ID=15217\">\u00d3lafur Halld\u00f3rsson<\/a>)<\/li>\n<li><a href=\"http:\/\/bragi.arnastofnun.is\/ljod.php?ID=4476\">Utar \u00fdfir hann sj\u00f3inn<\/a> (\u00de\u00fd\u00f0andi: <a href=\"http:\/\/bragi.arnastofnun.is\/hofundur.php?ID=15217\">\u00d3lafur Halld\u00f3rsson<\/a>)<\/li>\n<li><a href=\"http:\/\/bragi.arnastofnun.is\/ljod.php?ID=4477\">Morgnar<\/a> (\u00de\u00fd\u00f0andi: <a href=\"http:\/\/bragi.arnastofnun.is\/hofundur.php?ID=15217\">\u00d3lafur Halld\u00f3rsson<\/a>)<\/li>\n<li><a href=\"http:\/\/bragi.arnastofnun.is\/ljod.php?ID=4478\">Draumur<\/a> (\u00de\u00fd\u00f0andi: <a href=\"http:\/\/bragi.arnastofnun.is\/hofundur.php?ID=15217\">\u00d3lafur Halld\u00f3rsson<\/a>)<\/li>\n<li><a href=\"http:\/\/bragi.arnastofnun.is\/ljod.php?ID=4479\">Hugs\u00fdn erlendis<\/a> (\u00de\u00fd\u00f0andi: <a href=\"http:\/\/bragi.arnastofnun.is\/hofundur.php?ID=15217\">\u00d3lafur Halld\u00f3rsson<\/a>)<\/li>\n<\/ul>\n<\/li>\n<li><a href=\"http:\/\/bragi.arnastofnun.is\/hofundur.php?ID=16829\">Krist\u00edn J\u00f3nsd\u00f3ttir \u00e1 Hl\u00ed\u00f0<\/a>:\n<ul class=\"son2\">\n<li><a href=\"http:\/\/bragi.arnastofnun.is\/ljod.php?ID=4471\">Hringekja<\/a><\/li>\n<li><a href=\"http:\/\/bragi.arnastofnun.is\/ljod.php?ID=4472\">Hva\u00f0<\/a><\/li>\n<li><a href=\"http:\/\/bragi.arnastofnun.is\/ljod.php?ID=4473\">Haustmynd<\/a><\/li>\n<li><a href=\"http:\/\/bragi.arnastofnun.is\/ljod.php?ID=4474\">H\u00f6ggsta\u00f0ur<\/a><\/li>\n<\/ul>\n<\/li>\n<li><a href=\"http:\/\/bragi.arnastofnun.is\/hofundur.php?ID=17358\">Hannes P\u00e9tursson<\/a>: <a href=\"http:\/\/bragi.arnastofnun.is\/ljod.php?ID=4480\">Kve\u00f0ja til Indri\u00f0a<\/a><\/li>\n<\/ul>\n<\/div>\n","protected":false},"excerpt":{"rendered":"<p>S\u00f3narlj\u00f3\u00f0 2004 Czeslaw Milosz: S\u00f6ngur um heimsendi (\u00de\u00fd\u00f0andi: Hannes P\u00e9tursson) Greinar Valger\u00f0ur Erna \u00deorvaldsd\u00f3ttir: K\u00e1tlegar kenningar Gunnar Skarph\u00e9\u00f0insson: M\u00e1lsh\u00e1ttakv\u00e6\u00f0i \u00de\u00f3r\u00f0ur Helgason: \u00c1fangar II Kristj\u00e1n \u00c1rnason: \u00de\u00fd\u00f0ingar Gr\u00edms Thomsen \u00far gr\u00edsku Kristj\u00e1n Eir\u00edksson: \u201eEr mitt heiti \u00fati \u00ed sk\u00f3g\u201c Eysteinn \u00deorvaldsson: Hvers mega s\u00edn or\u00f0 lj\u00f3\u00f0sins? H\u00f6fundar lj\u00f3\u00f0a Christian Matras: Mjaltakonur (\u00de\u00fd\u00f0andi: \u00d3lafur Halld\u00f3rsson) \u00cd \u00fe\u00fasund &hellip; <a href=\"https:\/\/bodn.is\/?page_id=103\" class=\"more-link\">Continue reading<span class=\"screen-reader-text\"> &#8220;S\u00f3n 2&#8221;<\/span><\/a><\/p>\n","protected":false},"author":1,"featured_media":0,"parent":0,"menu_order":0,"comment_status":"closed","ping_status":"closed","template":"","meta":[],"_links":{"self":[{"href":"https:\/\/bodn.is\/index.php?rest_route=\/wp\/v2\/pages\/103"}],"collection":[{"href":"https:\/\/bodn.is\/index.php?rest_route=\/wp\/v2\/pages"}],"about":[{"href":"https:\/\/bodn.is\/index.php?rest_route=\/wp\/v2\/types\/page"}],"author":[{"embeddable":true,"href":"https:\/\/bodn.is\/index.php?rest_route=\/wp\/v2\/users\/1"}],"replies":[{"embeddable":true,"href":"https:\/\/bodn.is\/index.php?rest_route=%2Fwp%2Fv2%2Fcomments&post=103"}],"version-history":[{"count":1,"href":"https:\/\/bodn.is\/index.php?rest_route=\/wp\/v2\/pages\/103\/revisions"}],"predecessor-version":[{"id":104,"href":"https:\/\/bodn.is\/index.php?rest_route=\/wp\/v2\/pages\/103\/revisions\/104"}],"wp:attachment":[{"href":"https:\/\/bodn.is\/index.php?rest_route=%2Fwp%2Fv2%2Fmedia&parent=103"}],"curies":[{"name":"wp","href":"https:\/\/api.w.org\/{rel}","templated":true}]}}