{"id":127,"date":"2019-05-04T17:50:18","date_gmt":"2019-05-04T17:50:18","guid":{"rendered":"http:\/\/bodn.is\/?page_id=127"},"modified":"2019-05-04T17:50:18","modified_gmt":"2019-05-04T17:50:18","slug":"son-7","status":"publish","type":"page","link":"https:\/\/bodn.is\/?page_id=127","title":{"rendered":"S\u00f3n 7"},"content":{"rendered":"<p><b>S\u00f3narlj\u00f3\u00f0 2009<img loading=\"lazy\" class=\"size-medium wp-image-89 alignright\" src=\"https:\/\/bodn.is\/wp-content\/uploads\/2019\/05\/son2009_forsida-204x300.jpg\" alt=\"\" width=\"204\" height=\"300\" srcset=\"https:\/\/bodn.is\/wp-content\/uploads\/2019\/05\/son2009_forsida-204x300.jpg 204w, https:\/\/bodn.is\/wp-content\/uploads\/2019\/05\/son2009_forsida.jpg 561w\" sizes=\"(max-width: 204px) 85vw, 204px\" \/><\/b><\/p>\n<ul class=\"son\">\n<li><a href=\"http:\/\/bragi.arnastofnun.is\/hofundur.php?ID=17353\">Hj\u00f6rtur P\u00e1lsson<\/a>: <a href=\"http:\/\/bragi.arnastofnun.is\/ljod.php?ID=3896\">Skeggbolli<\/a><\/li>\n<\/ul>\n<p><b>Greinar<\/b><\/p>\n<ul class=\"son\">\n<li>\u00c1str\u00e1\u00f0ur Eysteinsson og Eysteinn \u00deorvaldsson: \u00c1 hnotsk\u00f3gi<\/li>\n<li>\u00d3lafur Halld\u00f3rsson: Af Stef\u00e1ni fr\u00e1 Hv\u00edtadal og kv\u00e6\u00f0i hans, Erlu<\/li>\n<li>\u00d3lafur Halld\u00f3rsson: M\u00e1lfr\u00ed\u00f0ur fr\u00e1 Muna\u00f0arnesi og Heine<\/li>\n<li>Bragi Halld\u00f3rsson: \u00c1stir Hj\u00e1lmars hugumst\u00f3ra og Ingibjargar konungsd\u00f3ttur \u00ed r\u00edmum s\u00ed\u00f0ari alda<\/li>\n<li>Helgi Sk\u00fali Kjartansson: A\u00f0 kenna k\u00f6lska<\/li>\n<li>Kristj\u00e1n \u00c1rnason: Samspil m\u00e1ls og brags \u00ed \u00edslenskum kve\u00f0skap<\/li>\n<li>Haukur \u00deorgeirsson: Skaldic Poetry of the Scandinavian Middle Ages \u2013 ritd\u00f3mur<\/li>\n<\/ul>\n<p><b>H\u00f6fundar lj\u00f3\u00f0a<\/b><\/p>\n<ul class=\"son\">\n<li><a href=\"http:\/\/bragi.arnastofnun.is\/hofundur.php?ID=17656\">Gottfried Benn<\/a>: <a href=\"http:\/\/bragi.arnastofnun.is\/ljod.php?ID=4393\">Skuggi \u00e1 steinvegg<\/a> (\u00de\u00fd\u00f0andi: <a href=\"http:\/\/bragi.arnastofnun.is\/hofundur.php?ID=17358\">Hannes P\u00e9tursson<\/a>)<\/li>\n<li><a href=\"http:\/\/bragi.arnastofnun.is\/hofundur.php?ID=17657\">Walter Bauer<\/a>: <a href=\"http:\/\/bragi.arnastofnun.is\/ljod.php?ID=4394\">T\u00edminn breytist<\/a> (\u00de\u00fd\u00f0andi: <a href=\"http:\/\/bragi.arnastofnun.is\/hofundur.php?ID=17358\">Hannes P\u00e9tursson<\/a>)<\/li>\n<li><a href=\"http:\/\/bragi.arnastofnun.is\/hofundur.php?ID=17658\">Karl Krolow<\/a>: <a href=\"http:\/\/bragi.arnastofnun.is\/ljod.php?ID=4395\">D\u00e1l\u00edti\u00f0 sem s\u00fdnt er a\u00f0komumanni<\/a> (\u00de\u00fd\u00f0andi: <a href=\"http:\/\/bragi.arnastofnun.is\/hofundur.php?ID=17358\">Hannes P\u00e9tursson<\/a>)<\/li>\n<li><a href=\"http:\/\/bragi.arnastofnun.is\/hofundur.php?ID=17659\">Michael Gunnenbrunner<\/a>: <a href=\"http:\/\/bragi.arnastofnun.is\/ljod.php?ID=4396\">Hinn sigra\u00f0i<\/a> (\u00de\u00fd\u00f0andi: <a href=\"http:\/\/bragi.arnastofnun.is\/hofundur.php?ID=17358\">Hannes P\u00e9tursson<\/a>)<\/li>\n<li><a href=\"http:\/\/bragi.arnastofnun.is\/hofundur.php?ID=17660\">Hans Bender<\/a>: <a href=\"http:\/\/bragi.arnastofnun.is\/ljod.php?ID=4397\">Heimfer\u00f0<\/a> (\u00de\u00fd\u00f0andi: <a href=\"http:\/\/bragi.arnastofnun.is\/hofundur.php?ID=17358\">Hannes P\u00e9tursson<\/a>)<\/li>\n<li><a href=\"http:\/\/bragi.arnastofnun.is\/hofundur.php?ID=17661\">Gerhard Fritsch<\/a>: <a href=\"http:\/\/bragi.arnastofnun.is\/ljod.php?ID=4398\">\u00deegar a\u00f0 kv\u00f6ldi kom<\/a> (\u00de\u00fd\u00f0andi: <a href=\"http:\/\/bragi.arnastofnun.is\/hofundur.php?ID=17358\">Hannes P\u00e9tursson<\/a>)<\/li>\n<li><a href=\"http:\/\/bragi.arnastofnun.is\/hofundur.php?ID=17662\">G\u00fcnter Grass<\/a>: <a href=\"http:\/\/bragi.arnastofnun.is\/ljod.php?ID=4399\">Sp\u00e1mannaf\u00e6\u00f0a<\/a> (\u00de\u00fd\u00f0andi: <a href=\"http:\/\/bragi.arnastofnun.is\/hofundur.php?ID=17358\">Hannes P\u00e9tursson<\/a>)<\/li>\n<li><a href=\"http:\/\/bragi.arnastofnun.is\/hofundur.php?ID=17663\">Thomas Bernhard<\/a>: <a href=\"http:\/\/bragi.arnastofnun.is\/ljod.php?ID=4400\">S\u00e1lmur<\/a> (\u00de\u00fd\u00f0andi: <a href=\"http:\/\/bragi.arnastofnun.is\/hofundur.php?ID=17358\">Hannes P\u00e9tursson<\/a>)<\/li>\n<li><a href=\"http:\/\/bragi.arnastofnun.is\/hofundur.php?ID=17034\">Heine, Heinrich<\/a>: <a href=\"http:\/\/bragi.arnastofnun.is\/ljod.php?ID=4401\">Hvort<\/a> (\u00de\u00fd\u00f0andi: <a href=\"http:\/\/bragi.arnastofnun.is\/hofundur.php?ID=17664\">M\u00e1lfr\u00ed\u00f0ur Einarsd\u00f3ttir fr\u00e1 Muna\u00f0arnesi<\/a>)<\/li>\n<li><a href=\"http:\/\/bragi.arnastofnun.is\/hofundur.php?ID=15625\">Gu\u00f0r\u00fan \u00de\u00f3r\u00f0ard\u00f3ttir<\/a>: <a href=\"http:\/\/bragi.arnastofnun.is\/ljod.php?ID=4402\">Eftirm\u00e6li eftir Hj\u00e1lmar hugumst\u00f3ra<\/a><\/li>\n<li><a href=\"http:\/\/bragi.arnastofnun.is\/hofundur.php?ID=17665\">Nj\u00f6r\u00f0ur P. Njar\u00f0v\u00edk<\/a>:\n<ul class=\"son2\">\n<li><a href=\"http:\/\/bragi.arnastofnun.is\/ljod.php?ID=4403\">\u00dar hugarfari<\/a><\/li>\n<li><a href=\"http:\/\/bragi.arnastofnun.is\/ljod.php?ID=4404\">Sta\u00f0ir<\/a><\/li>\n<\/ul>\n<\/li>\n<li><a href=\"http:\/\/bragi.arnastofnun.is\/hofundur.php?ID=17666\">H\u00f3lmfr\u00ed\u00f0ur Bjartmarsd\u00f3ttir<\/a>:\n<ul class=\"son2\">\n<li><a href=\"http:\/\/bragi.arnastofnun.is\/ljod.php?ID=4405\">Vetur<\/a><\/li>\n<li><a href=\"http:\/\/bragi.arnastofnun.is\/ljod.php?ID=4406\">Sumar vi\u00f0 Skj\u00e1lfanda<\/a><\/li>\n<li><a href=\"http:\/\/bragi.arnastofnun.is\/ljod.php?ID=4407\">Vor<\/a><\/li>\n<li><a href=\"http:\/\/bragi.arnastofnun.is\/ljod.php?ID=4408\">Haust<\/a><\/li>\n<\/ul>\n<\/li>\n<\/ul>\n","protected":false},"excerpt":{"rendered":"<p>S\u00f3narlj\u00f3\u00f0 2009 Hj\u00f6rtur P\u00e1lsson: Skeggbolli Greinar \u00c1str\u00e1\u00f0ur Eysteinsson og Eysteinn \u00deorvaldsson: \u00c1 hnotsk\u00f3gi \u00d3lafur Halld\u00f3rsson: Af Stef\u00e1ni fr\u00e1 Hv\u00edtadal og kv\u00e6\u00f0i hans, Erlu \u00d3lafur Halld\u00f3rsson: M\u00e1lfr\u00ed\u00f0ur fr\u00e1 Muna\u00f0arnesi og Heine Bragi Halld\u00f3rsson: \u00c1stir Hj\u00e1lmars hugumst\u00f3ra og Ingibjargar konungsd\u00f3ttur \u00ed r\u00edmum s\u00ed\u00f0ari alda Helgi Sk\u00fali Kjartansson: A\u00f0 kenna k\u00f6lska Kristj\u00e1n \u00c1rnason: Samspil m\u00e1ls og brags \u00ed &hellip; <a href=\"https:\/\/bodn.is\/?page_id=127\" class=\"more-link\">Continue reading<span class=\"screen-reader-text\"> &#8220;S\u00f3n 7&#8221;<\/span><\/a><\/p>\n","protected":false},"author":1,"featured_media":0,"parent":0,"menu_order":0,"comment_status":"closed","ping_status":"closed","template":"","meta":[],"_links":{"self":[{"href":"https:\/\/bodn.is\/index.php?rest_route=\/wp\/v2\/pages\/127"}],"collection":[{"href":"https:\/\/bodn.is\/index.php?rest_route=\/wp\/v2\/pages"}],"about":[{"href":"https:\/\/bodn.is\/index.php?rest_route=\/wp\/v2\/types\/page"}],"author":[{"embeddable":true,"href":"https:\/\/bodn.is\/index.php?rest_route=\/wp\/v2\/users\/1"}],"replies":[{"embeddable":true,"href":"https:\/\/bodn.is\/index.php?rest_route=%2Fwp%2Fv2%2Fcomments&post=127"}],"version-history":[{"count":1,"href":"https:\/\/bodn.is\/index.php?rest_route=\/wp\/v2\/pages\/127\/revisions"}],"predecessor-version":[{"id":128,"href":"https:\/\/bodn.is\/index.php?rest_route=\/wp\/v2\/pages\/127\/revisions\/128"}],"wp:attachment":[{"href":"https:\/\/bodn.is\/index.php?rest_route=%2Fwp%2Fv2%2Fmedia&parent=127"}],"curies":[{"name":"wp","href":"https:\/\/api.w.org\/{rel}","templated":true}]}}